566?
-35567
In base 5, what is 140301100 - 2?
140301043
In base 11, what is 199 + -128?
71
In base 8, what is -1047 - -2053?
1004
In base 7, what is 6514 + 14?
6531
In base 13, what is -4c906 + 0?
-4c906
In base 15, what is 43c02 - -2?
43c04
In base 14, what is -a - -704?
6d8
In base 3, what is -11 + -1022212200211?
-1022212200222
In base 12, what is 1088542 - 4?
108853a
In base 6, what is -202224 + -13?
-202241
In base 11, what is 185 - 493?
-309
In base 16, what is -12e8 + -14?
-12fc
In base 7, what is -5004 + 3?
-5001
In base 6, what is 21250423 + -20?
21250403
In base 15, what is -63ace - -4?
-63aca
In base 9, what is -2175 - 642?
-2827
In base 11, what is 11 - -2a179?
2a18a
In base 14, what is 3 - 2281?
-227c
In base 4, what is -201 + -213?
-1020
In base 7, what is -20 + 333515?
333465
In base 9, what is 3328060 + 4?
3328064
In base 8, what is 73 - 105200?
-105105
In base 9, what is 7461 - 36?
7424
In base 16, what is 5 - -799?
79e
In base 11, what is -114935 + 1?
-114934
In base 13, what is 10 - c8a1?
-c891
In base 4, what is -311 - 2311?
-3222
In base 7, what is 2130 - 1?
2126
In base 13, what is 61187 + 1?
61188
In base 9, what is -104660 + -15?
-104675
In base 2, what is 0 + -100011001111100101?
-100011001111100101
In base 12, what is 4 + -10380?
-10378
In base 4, what is 1322311 + -102?
1322203
In base 5, what is -2321 - 211?
-3032
In base 5, what is -10220104 + 1?
-10220103
In base 7, what is -55 - -26551?
26463
In base 16, what is 3e + 3270?
32ae
In base 7, what is -43 - 2114?
-2160
In base 7, what is 22 + -21511?
-21456
In base 11, what is -48 - 68a9?
-6946
In base 2, what is -1010011110 + -101111?
-1011001101
In base 13, what is -4 - 19287?
-1928b
In base 12, what is 31430 + 6?
31436
In base 13, what is -27 + 1331?
1307
In base 15, what is -6a7bb4 + 4?
-6a7bb0
In base 12, what is -2343b + 7?
-23434
In base 3, what is 20 - -2020122222211?
2020200000001
In base 5, what is -1240 - -1203?
-32
In base 14, what is -1 + 1268?
1267
In base 5, what is 30411 - 110?
30301
In base 3, what is 10102201220 - 1?
10102201212
In base 10, what is 375412 + 2?
375414
In base 11, what is -1 - -a8423?
a8422
In base 12, what is -16945 - 3?
-16948
In base 10, what is -7 + -223368?
-223375
In base 16, what is 34b6 - -5?
34bb
In base 2, what is -1001000111100 + 101001?
-1001000010011
In base 16, what is 2 + 323?
325
In base 9, what is -5 - -45252?
45246
In base 8, what is -10 + 64111?
64101
In base 10, what is 33 - 163?
-130
In base 3, what is 1210212220 - -10?
1210220000
In base 2, what is -1 - -10100101100011010101?
10100101100011010100
In base 9, what is 1 + -117515?
-117514
In base 8, what is 52072 + 47?
52141
In base 10, what is -2 + -76358?
-76360
In base 13, what is 47aba + 5?
47ac2
In base 2, what is 101010111101 + -10010000011?
11000111010
In base 11, what is -6 + 2362?
2357
In base 2, what is 11111001000110 + -10?
11111001000100
In base 11, what is -48063 + -1a?
-48082
In base 6, what is 1312015 + 0?
1312015
In base 15, what is 8 + -28c7?
-28be
In base 3, what is -11 - -122211202?
122211121
In base 6, what is 5541504 + 4?
5541512
In base 5, what is -340231 + 2?
-340224
In base 6, what is 3 - 41421?
-41414
In base 14, what is -1534c + 3?
-15349
In base 16, what is -15ba + -f?
-15c9
In base 16, what is 21754f - -3?
217552
In base 2, what is -101 - -10000011000111011010?
10000011000111010101
In base 2, what is 100101 + 11001001110111001?
11001001111011110
In base 2, what is -1010100111 - 1001101010010?
-1010111111001
In base 16, what is 95 - -9c7?
a5c
In base 10, what is -19044 + -370?
-19414
In base 14, what is -119 - -27a7?
268c
In base 5, what is -10 - 201110?
-201120
In base 16, what is -1765e + 3?
-1765b
In base 12, what is -10b + 2478?
2369
In base 7, what is 4536 + 2?
4541
In base 5, what is 4 - -1032402?
1032411
In base 5, what is -404 + -23420?
-24324
In base 8, what is -172 - -1732?
1540
In base 7, what is -15 + -1105034?
-1105052
In base 11, what is 20a998a - 2?
20a9988
In base 11, what is -12439 + 4?
-12435
In base 6, what is -1504410 + -15?
-1504425
In base 5, what is 134010 + 0?
134010
In base 16, what is -bf - -64b?
58c
In base 3, what is -20001211020 - -10?
-20001211010
In base 9, what is -3833286 + -2?
-3833288
In base 8, what is -10 + -141713?
-141723
In base 3, what is -11112 + -11101?
-22220
In base 7, what is 23 - -10421?
10444
In base 15, what is -1c3 + ae4?
921
In base 13, what is 35c1 - -1?
35c2
In base 3, what is 10 - -211121100002?
211121100012
In base 12, what is 7 - 2419?
-2412
In base 14, what is a046b + -7?
a0464
In base 14, what is -c39 + -6?
-c41
In base 13, what is -68 - -21?
-47
In base 11, what is 2a01a3 + 3?
2a01a6
In base 14, what is -4a - 34cb?
-3537
In base 13, what is -19218 + -5?
-19220
In base 14, what is -5 + -80d5?
-80da
In base 4, what is -23331 - 3000?
-32331
In base 13, what is -c1 + -bc3c?
-c030
In base 9, what is 0 - -23102?
23102
In base 11, what is 102a486 - 5?
102a481
In base 11, what is 79 - 205?
-137
In base 3, what is 110 + 1200102?
1200212
In base 5, what is -1310334 - -10?
-1310324
In base 8, what is -15 - -12063?
12046
In base 5, what is 322034 + 114?
322203
In base 15, what is b1739 - 5?
b1734
In base 10, what is 140814 + 9?
140823
In base 3, what is -20122112210220 - -1?
-20122112210212
In base 2, what is -1000000110110010 - 10011010?
-1000001001001100
In base 8, what is 75 - 364?
-267
In base 6, what is -111214 + 45?
-111125
In base 3, what is -111110012 + 210?
-111102102
In base 3, what is -1102 - 11022122021?
-11022200200
In base 2, what is 110100 + -110011101010001?
-110011100011101
In base 7, what is -5415 - 16?
-5434
In base 8, what is -404033 + -1?
-404034
In base 12, what is 4 - -42025?
42029
In base 9, what is -20670 - 2?
-20672
In base 7, what is 51 - -34?
115
In base 10, what is -5 - 23424?
-23429
In base 11, what is a5 + 45?
13a
In base 5, what is -144222 - -2?
-144220
In base 3, what is 1220000101 - 0?
1220000101
In base 5, what is -313 - -13401?
13033
In base 13, what is -5 + 6037a?
60375
In base 9, what is 2233 - 8?
2224
In base 16, what is 143ed - -5?
143f2
In base 8, what is -504 - -21262?
20556
In base 2, what is -11110100000000001 - 111?
-11110100000001000
In base 4, what is 22201011 + 32?
22201103
In base 5, what is 1301 + -142?
1104
In base 16, what is 6d4b + -5?
6d46
In base 4, what is -2110 + -102231?
-111001
In base 5, what is 303 + 1122?
1430
In base 16, what is c + 6e?
7a
In base 13, what is 61270 - -b?
6127b
In base 11, what is -132 - -1113?
a91
In base 2, what is 101110001 - -11010011?
1001000100
In base 3, what is -220112120 - -1?
-220112112
In base 9, what is -810 - -4671?
3761
In base 11, what is 769391 - 2?
76938a
In base 15, what is 4 - b33?
-b2e
In base 10, what is 1931 + 373?
2304
In base 11, what is -778 - 6?
-783
In base 4, what is 130332122223 - -1?
130332122230
In base 6, what is 5 - 135155?
-135150
In base 10, what is -226 + -432?
-658
In base 9, what is 78204 - 5?
78188
In base 15, what is 48 + 93?
db
In base 10, what is 56029 + -3?
56026
In base 16, what is 2e7 - -1b5?
49c
In base 4, what is -2020331 + -1213?
-2022210
In base 14, what is -a99 + 156?
-943
In base 13, what is 1c15 + -2?
1c13
In base 5, what is -111 - -322400?
322234
In base 15, what is -2 + -24d637?
-24d639
In base 9, what is 438 - -15?
454
In base 3, what is 10210212 + 21?
10211010
In base 14, what is -1c3 + -113?
-2d6
In base 10, what is -167 - -5991?
5824
In base 15, what is 0 + -481?
-481
In base 12, what is -685ab3 + -1?
-685ab4
In base 5, what is -220400 - -443?
-214402
In base 16, what is 2 + -127c5?
-127c3
In base 12, what is -b6b7 + -4?
-b6bb
In base 13, what is 3 + -595?
-592
In base 4, what is -1211303 + 2?
-1211301
In base 9, what is -1410312 + -3?
-1410315
In base 6, what is -1 - -11431121?
11431120
In base 7, what is -4023 - -16?
-4004
In base 10, what is -7 + 391?
384
In base 7, what is -322155 - 1?
-322156
In base 8, what is -1533 - -643?
-670
In base 13, what is -40 - 3071?
-30b1
In base 11, what is 1282 + 9?
1290
In base 4, what is 1022013012 + -1?
1022013011
In base 11, what is -27 - -1614?
1598
In base 4, what is 23012113 + -313?
23011200
In base 12, what is -1a - -11731?
11713
In base 12, what is -3b - -12?
-29
In base 15, what is 553 + 712?
c65
In base 13, w